, 3
Suppose 0 = -2*x + 3 + 5. Suppose -x*y + o + 53 = 0, -5*o = -2*y - 0*y + 49. Let m = 22 - y. What are the prime factors of m?
2, 5
Let s = 0 - -4. Suppose 0 = -s*i + 23 + 1. Suppose f + i = 4*f. What are the prime factors of f?
2
Suppose 0 = -5*x - 5 + 100. Suppose 3*z = 98 + x. What are the prime factors of z?
3, 13
Let z(g) = -g + 4. Let f be 0*(-2)/(-6)*-1. Suppose -l = -f*l. List the prime factors of z(l).
2
Let j(w) = 0 + 3*w + 7 - 2*w. Let d be (-36)/(-162) - (-140)/18. What are the prime factors of j(d)?
3, 5
Let d(y) = y**2 + 3*y - 4. List the prime factors of d(-10).
2, 3, 11
Suppose 0 = 5*s + 4*v - 180, 0 = 8*s - 4*s - 5*v - 103. List the prime factors of s.
2
Let w(g) = 9*g - 5 - 2*g**2 + 0*g**2 - 1. Let i be w(6). Let l = i + 36. List the prime factors of l.
2, 3
Let r(s) = 4*s - 4. Let a be r(6). Suppose -2*g - a = -6*g. List the prime factors of g.
5
Let h be (-3)/4 - (-92)/16. Let c = 15 + -11. Suppose t - 5 = -3*k, 0 = -0*t + c*t + h*k - 41. What are the prime factors of t?
2, 7
Let a(w) = 4*w**2 - 3*w + 22. What are the prime factors of a(6)?
2, 37
Let s(t) = t**3 + t**2 - 3*t + 174. What are the prime factors of s(0)?
2, 3, 29
Let i(d) = d**3 + d**2 - d - 3. Let t = 5 + -5. Let a be i(t). Let y = a - -6. List the prime factors of y.
3
Let x(j) = 12*j + 1. What are the prime factors of x(4)?
7
Suppose -3*s + 351 = 54. What are the prime factors of s?
3, 11
Suppose 4*f + 16 = 0, -2*q - 2*q + 5*f = -244. List the prime factors of q.
2, 7
Suppose 5*f = -0*h + h - 320, h - 2*f = 326. What are the prime factors of h?
2, 3, 5, 11
Let h(o) = -o**2 - 2 + 0*o**2 + 4*o**3 + 3*o + 0*o - 3*o**3. What are the prime factors of h(2)?
2
Let k = -22 - -36. Suppose k = 5*t - 2*u, 5*u - 16 = -t + u. What are the prime factors of t?
2
What are the prime factors of 6*(-139)/4*2/(-3)?
139
Let v(h) = -2*h. Let x be v(-3). Let r = x - -2. What are the prime factors of r?
2
Let w be 2 - 3 - (3 - 0). Let j(z) = z**2 + 3*z + 2. What are the prime factors of j(w)?
2, 3
Suppose 40 - 16 = 2*j - 2*h, 0 = 2*j - 5*h - 30. What are the prime factors of j?
2, 5
Let z be 0 - (-12 + 3 - -2). Let o = z + -3. List the prime factors of o.
2
Suppose 5*s + 5 = 4*s. Let x(o) = -3 + 2*o**2 - 2*o + 2 + 3*o**2 + o**3. List the prime factors of x(s).
3
Let y = -141 + 92. Let h = y - -83. What are the prime factors of h?
2, 17
Let h(i) = 3*i - 1. Let a(y) = -y + 10. Let q be a(8). What are the prime factors of h(q)?
5
Suppose 3*i + 2*i + 2*c - 19 = 0, 4*i - 17 = -c. Suppose 4*f + 2*h - 114 = 0, -6*f = -f + i*h - 150. List the prime factors of f.
3
Suppose 0*m + m - 5 = 0. Suppose 90 = 5*j - m*c, 5*j - 4*c - 65 - 21 = 0. What are the prime factors of j?
2, 7
Suppose 5*o - 5*j + 0*j - 40 = 0, -19 = -3*o + 2*j. Suppose -o*h = -0*h - 21. What are the prime factors of h?
7
What are the prime factors of 535/30 - 1/(-6)?
2, 3
Suppose -c + 87 = 2*c. Suppose 137 = 4*s + c. What are the prime factors of s?
3
Let a be (4 - -2) + -1 + 0. Suppose a*s - 30 = 2*s. What are the prime factors of s?
2, 5
Let v(o) = 2*o - 5. Let d be v(4). Suppose 18 = d*n + 3. Suppose 9 = 3*t + 4*z, 2*t - 26 = n*z - z. What are the prime factors of t?
7
Suppose 5*q + i - 159 = 0, 4*q - i - 125 = -4*i. What are the prime factors of q?
2
Suppose 2*d + 2*d = -3*x + 21, -3*x = 3*d - 15. Let m = -7 - -11. List the prime factors of ((-18)/m)/((-3)/d).
3
Suppose 2*c + 110 = 7*c. List the prime factors of c.
2, 11
Let l be (-10)/1*3/6. Let w(n) = n**3 + 7*n**2 + 4*n - 7. What are the prime factors of w(l)?
23
Suppose 0 = -p + 2 + 13. Suppose 2*i + 0*x - 3*x = -3, -3*i + 2*x = 17. Let w = i + p. What are the prime factors of w?
2, 3
Suppose -3*x + 0*g = 2*g, -4*x = 3*g. Suppose x = 3*q - 12 + 3. List the prime factors of q.
3
Suppose 3 = -4*m - 41. Let c = m - -26. List the prime factors of c.
3, 5
Let z(v) = -v**3 - 5*v**2 - 5*v. Let j be z(-4). Suppose -j*n = n. Suppose -5*a + 13 + 57 = n. List the prime factors of a.
2, 7
Let t be (4/(-5))/((-2)/5). Let u(c) = 2 - t - c + 4. What are the prime factors of u(-3)?
7
Suppose -4*o + x = -615, 5*o + x - 756 = -2*x. List the prime factors of o.
3, 17
Let y = 12 - 12. Suppose y = -3*a - 11 + 80. List the prime factors of a.
23
Let x = 3 + -1. Suppose -x*z = z - 81. Suppose -6 = -3*k + z. List the prime factors of k.
11
Let w(o) = o + 11. Let m be w(-8). List the prime factors of 7*(-5 + m)/(-2).
7
Suppose a = 7 - 2. Suppose 4*f = a*r, 17 = 3*r + f - 0*f. Suppose -4*y = -12 - r. List the prime factors of y.
2
Let p(k) be the second derivative of k**5/20 - k**4 - 2*k**3 + 6*k**2 - 2*k. List the prime factors of p(13).
5
Let s = -61 + 118. List the prime factors of s.
3, 19
Suppose -5*o = -977 - 848. List the prime factors of o.
5, 73
Suppose 8*k = 121 + 311. List the prime factors of k.
2, 3
Let n(m) = m**3 + 7*m**2 + m + 6. Let g be n(-7). Let f(l) = -12*l + 1. List the prime factors of f(g).
13
Let t(o) = 90*o**2 - 2*o. List the prime factors of t(-1).
2, 23
Let b(w) = w**3 + 7*w**2 - 2*w - 6. Let g(l) = l**2 - 7*l - 1. Let i be g(6). List the prime factors of b(i).
2
Suppose -3*s + s = -178. Suppose a - 23 = -0*a - 2*x, 3*a = 4*x + s. Suppose 5*b + 38 = r, -5*r + 83 + a = -5*b. What are the prime factors of r?
2, 3
Suppose -2*r + 20 = 3*r. Suppose 0*w = -3*k + w + 30, 0 = 5*k - r*w - 43. What are the prime factors of k?
11
Suppose 5*a = -2*i + 37 - 8, 0 = 3*i + a - 37. Suppose 3*h - i = 3*p, -3*p - 15 = 2*p. List the prime factors of h/(-5) + 124/20.
2, 3
Suppose -s - 3*k = -6, -5*s + 0*k - 4*k = -8. Suppose 9*r - 10*r + 7 = s. List the prime factors of r.
7
Suppose -424 + 56 = -4*y. List the prime factors of y.
2, 23
Suppose 0 = o + m + 3 - 186, 0 = -5*o + 3*m + 947. List the prime factors of o.
11, 17
Let o be (-8)/64 - (-135)/(-8). Let p be (-1)/3 + 276/(-9). Let f = o - p. List the prime factors of f.
2, 7
Let q = 126 + -81. Suppose 4*j = -4*d + 24, 0*d + 2*d = 4*j. Suppose -d*a = 1 - q. List the prime factors of a.
11
Let v be -1 - 2*(2 + -3). Let a = -15 - -26. List the prime factors of a - (3/3)/v.
2, 5
Suppose 8 = 4*l, -3*a + 2*l + 125 = -0*a. What are the prime factors of a?
43
Suppose -8*f + 165 = -3*f. What are the prime factors of f?
3, 11
Let a be ((-1)/(-3))/((-5)/(-45)). Let s be a/(-18)*-2*15. Let z = 0 + s. What are the prime factors of z?
5
Suppose -5 = 4*x + 79. Let m = -10 - x. List the prime factors of m.
11
Let b = -3 - -111. What are the prime factors of b?
2, 3
Let c = 13 - 10. Suppose -c*m + 4*m - 33 = 0. What are the prime factors of m?
3, 11
Let w(n) = -2*n**2 - 2*n + 2. Let z be w(-2). List the prime factors of 200/35 - z/7.
2, 3
Let p = 11 - 17. Let b be (-4)/3*9/p. List the prime factors of (-7 - b)/(-1) - 0.
3
Let t(y) = -y**3 + 10*y**2 - 10*y + 11. Let d be t(9). Suppose 0 = d*g - 7*g + 10. List the prime factors of g.
2
Let w be -8 + 7 + 19*1. Suppose -k = k - w. What are the prime factors of k?
3
Suppose -3*c + 42 = -30. What are the prime factors of c?
2, 3
Suppose 5*a = 4*i + 10 + 118, 5*a - i - 122 = 0. Suppose 4*s = -f + 5*f + 8, 4*f + 2 = s. What are the prime factors of (f - a/(-9))*3?
2
Suppose -o - 3*y + 16 = 0, 7*y = -3*o + 4*y + 18. Suppose -o = v - 18. List the prime factors of v.
17
Suppose 0 = -2*a + 4*a - 6. Let z = 3 + -1. Suppose 2*q + v = 13, z*q - 42 = -q + a*v. List the prime factors of q.
3
Let w be (-1 - 2) + (-3 - -8). Suppose 0*z = -w*z + 50. What are the prime factors of z?
5
Suppose -q = 2*s - 72, -s + 41 = -0*s - 2*q. List the prime factors of s.
37
Let z(v) = 2*v - 4. Let o be z(4). Suppose -o + 1 = -r. Suppose r*l = 5*q - 72, 2*q - 8 = q - l. List the prime factors of q.
2, 3
Let y be (-27)/12*(-16)/6. Suppose -y*v + 64 = -2*v. Suppose m = -4*n + v, -5*n + 0*m + 9 = 4*m. List the prime factors of n.
5
Suppose -12 = -5*d + d. Let y be 0*((-2)/4 - 0). Suppose o - d + 0 = y. List the prime factors of o.
3
Let u be (-4)/(-6)*(-9)/6. Let b = u + 4. Suppose 0 = t - q - 8, b*t + q = 2*q + 30. List the prime factors of t.
11
Let z = 108 - 75. What are the prime factors of z?
3, 11
Suppose -3*a + 3*n - 27 = 0, 0 = 2*n + n. What are the prime factors of (-245)/a + 14/(-63)?
3
Suppose 5*j - 6*j + 3*u = -102, -2*j + 200 = -5*u. What are the prime factors of j?
2, 3, 5
Let g = 44 - 21. List the prime factors of g.